{"id":2450,"date":"2026-03-18T13:38:36","date_gmt":"2026-03-18T12:38:36","guid":{"rendered":"https:\/\/www.ss-kresevo.ba\/?page_id=2450"},"modified":"2026-03-20T12:48:59","modified_gmt":"2026-03-20T11:48:59","slug":"elektroinstalater","status":"publish","type":"page","link":"https:\/\/www.ss-kresevo.ba\/?page_id=2450","title":{"rendered":"Elektroinstalater"},"content":{"rendered":"\n\n\n\n\n<p><\/p>\n\n\n\n<p><strong>ELEKTROINSTALATER \u2013 OPIS ZANIMANJA<\/strong><\/p>\n\n\n\n<p>Elektroinstalater je zanimanje u kojem u\u010denici stje\u010du znanja i vje\u0161tine vezane za uvo\u0111enje, odr\u017eavanje i popravak elektri\u010dnih instalacija u ku\u0107ama, zgradama i industrijskim objektima. Tijekom \u0161kolovanja upoznaju se s elektri\u010dnom energijom, instalacijskim materijalima i sigurnim radom s elektri\u010dnim ure\u0111ajima.<\/p>\n\n\n\n<p><strong>Osnove elektrotehnike<\/strong><br>U\u010denici u\u010de o elektri\u010dnoj struji, naponu, otporu i osnovnim zakonima elektrotehnike koji su potrebni za razumijevanje rada elektri\u010dnih instalacija.<\/p>\n\n\n\n<p><strong>Izrada elektri\u010dnih instalacija<\/strong><br>Stje\u010du znanja o postavljanju kablova, uti\u010dnica, prekida\u010da, rasvjete i drugih elektri\u010dnih elemenata u stambenim i poslovnim prostorima.<\/p>\n\n\n\n<p><strong>Odr\u017eavanje i popravak<\/strong><br>U\u010de kako prona\u0107i kvarove u instalacijama i ure\u0111ajima te kako ih sigurno popraviti i odr\u017eavati.<\/p>\n\n\n\n<p><strong>Sigurnost pri radu<\/strong><br>Upoznaju se s pravilima za\u0161tite na radu, kori\u0161tenjem za\u0161titne opreme i sigurnim rukovanjem elektri\u010dnim alatima i instalacijama.<\/p>\n\n\n\n<p><strong>Mjerenja i ispitivanja<\/strong><br>Stje\u010du vje\u0161tine kori\u0161tenja mjernih instrumenata za provjeru ispravnosti instalacija i ure\u0111aja.<\/p>\n\n\n\n<p><strong>\u010citanje tehni\u010dkih nacrta<\/strong><br>U\u010de kako \u010ditati i razumjeti elektri\u010dne sheme i planove instalacija, \u0161to je va\u017eno za pravilno izvo\u0111enje radova.<\/p>\n\n\n\n<p><strong>Rad na terenu<\/strong><br>Tijekom \u0161kolovanja obavljaju prakti\u010dnu nastavu gdje rade na stvarnim objektima i stje\u010du iskustvo u realnim uvjetima rada.<\/p>\n\n\n\n<p>Nakon zavr\u0161etka \u0161kolovanja elektroinstalateri mogu raditi u gra\u0111evinskim firmama, elektroinstalaterskim poduze\u0107ima, industriji ili kao samostalni obrtnici, te imaju mogu\u0107nost daljnjeg usavr\u0161avanja i \u0161kolovanja u podru\u010dju elektrotehnike.<\/p>\n","protected":false},"excerpt":{"rendered":"<p>ELEKTROINSTALATER \u2013 OPIS ZANIMANJA Elektroinstalater je zanimanje u kojem u\u010denici stje\u010du znanja i vje\u0161tine vezane za uvo\u0111enje, odr\u017eavanje i popravak elektri\u010dnih instalacija u ku\u0107ama, zgradama i industrijskim objektima. Tijekom \u0161kolovanja upoznaju se s elektri\u010dnom energijom, instalacijskim materijalima i sigurnim radom &hellip; <a href=\"https:\/\/www.ss-kresevo.ba\/?page_id=2450\">Nastavi \u010ditati <span class=\"meta-nav\">&rarr;<\/span><\/a><\/p>\n","protected":false},"author":2,"featured_media":0,"parent":2406,"menu_order":1,"comment_status":"closed","ping_status":"closed","template":"","meta":{"footnotes":""},"class_list":["post-2450","page","type-page","status-publish","hentry"],"_links":{"self":[{"href":"https:\/\/www.ss-kresevo.ba\/index.php?rest_route=\/wp\/v2\/pages\/2450","targetHints":{"allow":["GET"]}}],"collection":[{"href":"https:\/\/www.ss-kresevo.ba\/index.php?rest_route=\/wp\/v2\/pages"}],"about":[{"href":"https:\/\/www.ss-kresevo.ba\/index.php?rest_route=\/wp\/v2\/types\/page"}],"author":[{"embeddable":true,"href":"https:\/\/www.ss-kresevo.ba\/index.php?rest_route=\/wp\/v2\/users\/2"}],"replies":[{"embeddable":true,"href":"https:\/\/www.ss-kresevo.ba\/index.php?rest_route=%2Fwp%2Fv2%2Fcomments&post=2450"}],"version-history":[{"count":6,"href":"https:\/\/www.ss-kresevo.ba\/index.php?rest_route=\/wp\/v2\/pages\/2450\/revisions"}],"predecessor-version":[{"id":2486,"href":"https:\/\/www.ss-kresevo.ba\/index.php?rest_route=\/wp\/v2\/pages\/2450\/revisions\/2486"}],"up":[{"embeddable":true,"href":"https:\/\/www.ss-kresevo.ba\/index.php?rest_route=\/wp\/v2\/pages\/2406"}],"wp:attachment":[{"href":"https:\/\/www.ss-kresevo.ba\/index.php?rest_route=%2Fwp%2Fv2%2Fmedia&parent=2450"}],"curies":[{"name":"wp","href":"https:\/\/api.w.org\/{rel}","templated":true}]}}